tor of 5 and 3564755.
5
Calculate the greatest common factor of 32 and 929072.
16
What is the greatest common divisor of 13129462 and 1136?
142
Calculate the highest common factor of 20235 and 136249.
1349
Calculate the greatest common divisor of 2007 and 4553883.
2007
Calculate the greatest common factor of 570 and 1833253.
19
Calculate the greatest common factor of 213969 and 95496.
69
Calculate the greatest common divisor of 1385649 and 1189.
29
Calculate the highest common factor of 44962401 and 506.
253
What is the greatest common divisor of 5508 and 8694?
54
What is the greatest common divisor of 28023684 and 676?
52
Calculate the highest common factor of 66534 and 81861.
39
Calculate the highest common factor of 3974832 and 744.
24
Calculate the highest common factor of 4936806 and 126.
126
Calculate the greatest common factor of 961440 and 34080.
480
What is the highest common divisor of 928800 and 1366368?
4128
What is the greatest common factor of 284 and 20865764?
284
What is the greatest common divisor of 164283 and 3129?
21
Calculate the highest common factor of 1024 and 3922304.
128
Calculate the greatest common divisor of 8 and 214758088.
8
Calculate the highest common factor of 2395596 and 27097.
553
Calculate the greatest common divisor of 6747488 and 1566.
58
Calculate the greatest common factor of 4926867 and 14013.
519
Calculate the highest common divisor of 6784442 and 784.
98
What is the highest common factor of 32 and 366982944?
32
Calculate the greatest common divisor of 850 and 920000050.
850
Calculate the highest common divisor of 12374548 and 57.
19
Calculate the highest common divisor of 84276910 and 5270.
310
What is the highest common divisor of 260386 and 95599?
49
Calculate the highest common factor of 513216 and 305976.
264
What is the greatest common divisor of 2135693 and 21301?
119
Calculate the highest common divisor of 88 and 430562.
22
Calculate the highest common factor of 13925309 and 38.
19
Calculate the highest common factor of 9110 and 96566.
1822
What is the greatest common divisor of 399596 and 207722?
566
Calculate the greatest common factor of 13505370 and 34845.
345
Calculate the highest common divisor of 7026261 and 495.
33
What is the highest common divisor of 1022900 and 797120?
1060
Calculate the greatest common divisor of 326 and 167020558.
326
What is the highest common divisor of 300 and 284600100?
300
What is the greatest common divisor of 767128553 and 646?
323
What is the highest common divisor of 76542512 and 249264?
9232
What is the highest common factor of 42 and 4840158?
6
Calculate the greatest common factor of 41810856 and 72.
24
What is the highest common divisor of 156620 and 1681?
41
What is the highest common divisor of 44127 and 11757394?
4903
Calculate the highest common divisor of 3698272 and 2000.
16
What is the greatest common factor of 497246848 and 10471?
10471
Calculate the greatest common divisor of 1364229 and 1593.
27
Calculate the highest common factor of 20 and 203435490.
10
What is the highest common divisor of 374742 and 90?
18
What is the highest common divisor of 6207439 and 112?
7
What is the highest common divisor of 13558211 and 7619?
401
Calculate the highest common divisor of 29436 and 67506.
6
What is the greatest common factor of 4990 and 200598?
998
Calculate the greatest common divisor of 122136 and 3591.
21
Calculate the greatest common factor of 28617989 and 121504.
3797
Calculate the greatest common factor of 1045558080 and 1860.
1860
Calculate the greatest common divisor of 5039136 and 21312.
288
Calculate the highest common factor of 837486 and 99684.
702
What is the highest common divisor of 124565504 and 126?
14
Calculate the greatest common divisor of 23962994 and 22.
22
Calculate the greatest common factor of 80 and 23754460.
20
What is the highest common factor of 65 and 20324135?
65
What is the highest common divisor of 320907 and 103689?
123
Calculate the greatest common factor of 324 and 1095748.
4
Calculate the highest common factor of 24759658 and 37324.
602
Calculate the highest common factor of 36 and 2195064.
36
Calculate the greatest common factor of 170608737 and 91.
13
What is the highest common divisor of 284785387 and 3181?
3181
What is the highest common divisor of 17038368 and 536?
536
What is the greatest common divisor of 108746 and 220?
22
Calculate the greatest common divisor of 14112 and 2593872.
144
What is the greatest common factor of 2710337 and 49?
49
Calculate the highest common factor of 739 and 4105663039.
739
Calculate the greatest common factor of 1048985 and 680.
85
What is the highest common factor of 2958831102 and 1194?
1194
What is the greatest common factor of 88 and 25869184?
88
Calculate the highest common factor of 16814088 and 6579.
153
Calculate the greatest common divisor of 2340601 and 61473.
661
What is the highest common factor of 31512 and 406424?
808
What is the greatest common factor of 242 and 109939951?
11
What is the greatest common divisor of 2877 and 6539421?
2877
Calculate the greatest common factor of 142136 and 47624.
8
What is the highest common factor of 1593179 and 63?
7
What is the highest common factor of 819555 and 924?
33
Calculate the greatest common factor of 2823 and 730510533.
2823
What is the greatest common factor of 9 and 63782676?
9
What is the highest common divisor of 1948 and 6914913?
487
Calculate the greatest common divisor of 21900 and 9453.
3
Calculate the greatest common divisor of 575313572 and 22105.
4421
What is the highest common divisor of 194246335 and 255?
85
Calculate the highest common factor of 1232 and 4678352.
112
Calculate the greatest common divisor of 888 and 7003101.
111
What is the greatest common factor of 4534 and 6610?
2
What is the greatest common divisor of 1826383 and 707?
101
What is the highest common factor of 1447567 and 1513?
17
Calculate the greatest common factor of 5408 and 4434222.
338
What is the greatest common divisor of 819 and 59545941?
273
What is the greatest common divisor of 121 and 4368232?
11
What is the greatest common factor of 102 and 52042457?
17
What is the highest common divisor of 956031662 and 887?
887
Calculate the highest common factor of 6099867 and 162.
81
Calculate the highest common factor of 10656702 and 24651.
747
Calculate the greatest common factor of 7360 and 18302848.
1472
What is the highest common factor of 106398186 and 4260?
426
What is the highest common divisor of 4224 and 6399552?
192
Calculate the greatest common divisor of 8024269 and 838.
419
Calculate the highest common factor of 35696 and 96240878.
4462
What is the highest common divisor of 5663812 and 462?
154
What is the highest common factor of 15768 and 5764518?
1314
Calculate the greatest common divisor of 11019384 and 24.
24
Calculate the greatest common divisor of 313065 and 19575.
135
What is the highest common factor of 13120 and 36490?
410
What is the greatest common divisor of 2627 and 1336575?
71
What is the greatest common factor of 2723742 and 189?
63
Calculate the highest common factor of 49 and 78779603.
49
Calculate the highest common factor of 1905328 and 48.
16
What is the greatest common divisor of 68423726 and 14?
14
Calculate the greatest common divisor of 29493 and 5478579.
1017
Calculate the greatest common divisor of 140635800 and 645.
645
Calculate the greatest common factor of 21333 and 32591901.
1641
Calculate the highest common divisor of 18064264 and 1072.
8
What is the greatest common divisor of 209 and 178130909?
209
What is the highest common factor of 1746632 and 7448?
152
Calculate the highest common divisor of 104833134 and 434.
434
Calculate the greatest common factor of 3606 and 10446.
6
Calculate the highest common divisor of 96 and 3392961.
3
What is the highest common divisor of 1470 and 32712330?
210
What is the greatest common factor of 116529048 and 288?
72
What is the highest common factor of 107660 and 580595?
3845
What is the greatest common factor of 44 and 631348?
4
What is the greatest common divisor of 32837619 and 8044?
2011
What is the highest common factor of 78184 and 83576?
2696
What is the greatest common factor of 3509603 and 31?
31
Calculate the greatest common divisor of 2715